{"id":37,"date":"2019-11-23T08:50:21","date_gmt":"2019-11-23T07:50:21","guid":{"rendered":"http:\/\/czterysluby.pl\/?page_id=37"},"modified":"2021-12-12T09:03:24","modified_gmt":"2021-12-12T08:03:24","slug":"jak-wynajmujemy-samochody-do-slubu","status":"publish","type":"page","link":"https:\/\/czterysluby.pl\/index.php\/jak-wynajmujemy-samochody-do-slubu\/","title":{"rendered":"Jak wynajmujemy"},"content":{"rendered":"<p><!-- Global site tag (gtag.js) - Google Analytics --><br>\n<script async=\"\" src=\"https:\/\/www.googletagmanager.com\/gtag\/js?id=UA-159318177-1\"><\/script><br>\n<script><br \/>\n  window.dataLayer = window.dataLayer || [];<br \/>\n  function gtag(){dataLayer.push(arguments);}<br \/>\n  gtag('js', new Date());<\/p>\n<p>  gtag('config', 'UA-159318177-1');<br \/>\n<\/script><\/p>\n\n\n<p> <strong>Kto prowadzi auto \u015blubne ?<\/strong> &#8211; samochody zabytkowe wynajmujemy z kierowc\u0105, z wyj\u0105tkiem Porsche 911 kt\u00f3ry prowadzi Pan M\u0142ody. Jest te\u017c mo\u017cliwo\u015b\u0107 prowadzenia samodzielnego innych aut, ale jest to kwestia do ustalenia indywidualnego.  Auta zabytkowe s\u0105 du\u017co trudniejsze w obs\u0142udze ni\u017c pojazdy kt\u00f3rymi poruszamy si\u0119 na co dzie\u0144. Aby sprawnie i bezpiecznie m\u00f3c si\u0119 nimi porusza\u0107 kierowca musi mie\u0107 do\u015bwiadczenie w prowadzeniu danego samochodu.  <\/p>\n\n\n\n<p><strong>Jak dokona\u0107 rezerwacji auta ?<\/strong><br>Nale\u017cy podpisa\u0107 umow\u0119 i wp\u0142aci\u0107 200 z\u0142 zaliczki. Formalno\u015bci mo\u017cna dope\u0142ni\u0107 na miejscu lub (dla klient\u00f3w pracuj\u0105cych za granic\u0105) zdalnie &#8211; wp\u0142ata na konto a umowa e-mail. Je\u017celi przebywasz za granic\u0105 zawsze mo\u017cesz poprosi\u0107 kogo\u015b z rodziny aby przyjecha\u0142 na miejsce.  <\/p>\n\n\n\n<p> <strong>Czy dekoracja jest wliczona w cen\u0119 ?<\/strong> &#8211; tak, delikatna dekoracja jest wliczona w cen\u0119 aczkolwiek mo\u017cna auto przyozdobi\u0107 we w\u0142asnym zakresie np. \u017cywym kwiatami z kwiaciarni.  <\/p>\n\n\n\n<p> <strong>Jaki jest obszar dzia\u0142ania ? <\/strong>&#8211; auta do \u015blubu wynajmujemy g\u0142\u00f3wnie na terenie woj. Podkarpackiego.  Samochody bez problemu dojad\u0105 lub zostan\u0105 przetransportowane do wszystkich miast wojew\u00f3dztwa np. Jaros\u0142aw, Przemy\u015bl, Tarnobrzeg, Sanok, D\u0119bica, Mielec, Ropczyce, Krosno, Jas\u0142o, Lubacz\u00f3w. Jest mo\u017cliwo\u015b\u0107 r\u00f3wnie\u017c dojazdu do wojew\u00f3dztw o\u015bciennych jednak wi\u0105\u017ce si\u0119 to z wy\u017cszymi cenami.  <\/p>\n\n\n\n<p> <strong>Czy kierowca auta \u015blubnego b\u0119dzie stosownie ubrany ?<\/strong> &#8211; Tak <\/p>\n\n\n\n<p> <strong>Gdzie stacjonuj\u0105 samochody ?<\/strong> &#8211; Kielnarowa (10 km na po\u0142udnie od Rzeszowa) &#8211; w dniu \u015blubu wszystkie samochody z tej miejscowo\u015bci wyje\u017cd\u017caj\u0105 i tu wracaj\u0105. Mo\u017cna przyjecha\u0107 i zobaczy\u0107 auta na \u017cywo po uprzednim kontakcie telefonicznym.  <\/p>\n\n\n\n<h2><iframe loading=\"lazy\" src=\"https:\/\/www.google.com\/maps\/embed?pb=!1m23!1m12!1m3!1d82126.58093221293!2d21.99971039945021!3d49.96531291621255!2m3!1f0!2f0!3f0!3m2!1i1024!2i768!4f13.1!4m8!3e0!4m5!1s0x473cf72941130e8b%3A0xdfeb48339c4d4447!2sKielnarowa!3m2!1d49.965334!2d22.06975!4m0!5e0!3m2!1spl!2spl!4v1573992342050!5m2!1spl!2spl\" width=\"400\" height=\"300\" frameborder=\"0\" style=\"border:0;\" allowfullscreen=\"\"><\/iframe><\/h2>\n\n\n\n<p> <strong>Jaki jest czas wynajmu ?<\/strong> -od wyjazdu, zazwyczaj od Pana M\u0142odego, do przyjazdu pod sale weseln\u0105.  Nie ma znaczenia czy \u0142\u0105cznie czas wynajmu wyniesie 3 czy 6 godzin. Nie wyobra\u017camy sobie sytuacji w kt\u00f3rej w takim dniu nasi klienci b\u0119d\u0105 patrze\u0107 na zegarek i stresowa\u0107 si\u0119 czasem wynajmu auta. Dodatkowo mo\u017cemy wyd\u0142u\u017cy\u0107 czas wynajmu do 1 godziny od momentu przyjazdu pod sale gdyby by\u0142o \u017cyczenie wykonania zdj\u0119\u0107 z samochodem np. po obiedzie.  Nie ma za to dodatkowych op\u0142at.  <\/p>\n\n\n\n<p> <strong>Jaki jest limit kilometr\u00f3w ? <\/strong>&#8211; nie dajemy limitu kilometr\u00f3w. \u015aluby s\u0105 dok\u0142adnie zaplanowane i z g\u00f3ry wiadomo gdzie jest dom Pana M\u0142odego, Pani M\u0142odej, ko\u015bci\u00f3\u0142 czy sala weselna.  Czasami do przejechania jest 20 km a bywa, \u017ce 520 km.  Ka\u017cdy \u015blub jest inny a nasz obszar dzia\u0142ania rozleg\u0142y wi\u0119c nie ma sensu zak\u0142ada\u0107 limit\u00f3w.  Aczkolwiek cena jest mocno uzale\u017cniona od ilo\u015bci kilometr\u00f3w jakie musi pokona\u0107 auto. <\/p>\n\n\n\n<p><strong>Ile kosztuje wynaj\u0119cie samochodu ?<\/strong> &#8211;  cena wynajmu aut zale\u017cy od :<br><strong>1. Data \u015blubu <\/strong>&#8211; najpro\u015bciej ujmuj\u0105c im data mniej popularna tym cena mo\u017ce by\u0107 ni\u017csza &#8211; inna cena b\u0119dzie dla \u015blubu 25.04.2020 (pi\u0105tek &#8211; dzie\u0144 ma\u0142o popularny, kwiecie\u0144 &#8211; miesi\u0105c w kt\u00f3rym jest ma\u0142o \u015blub\u00f3w) a inna dla 08.08.2020 (sobota, pokrycie cyfrowe dnia i miesi\u0105ca, dodatkowo sierpie\u0144 czyli  tzw. &#8222;twardy miesi\u0105c \u015blubny&#8221;).<br><strong>2. Trasa przejazdu<\/strong> &#8211; to jest najwa\u017cniejsze dlatego, \u017ce przek\u0142ada si\u0119 to na zu\u017cycie paliwa. W tym miejscu warto u\u017cy\u0107 dw\u00f3ch poj\u0119\u0107 kt\u00f3re wypracowali\u015bmy na przestrzeni lat naszej dzia\u0142alno\u015bci tj. <em>trasa przejazdu auta<\/em> i <em>trasa przejazdu \u015blubu<\/em>. <br><strong>a. trasa przejazdu \u015blubu<\/strong> &#8211; trasa faktycznej us\u0142ugi czyli przejazd od Pana M\u0142odego do Pani M\u0142odej, p\u00f3\u017aniej do ko\u015bcio\u0142a i na sale weseln\u0105 (zazwyczaj tak jest cho\u0107 zdarzaj\u0105 si\u0119 odst\u0119pstwa np. wsp\u00f3lny wyjazd Pary M\u0142odej do ko\u015bcio\u0142a z jednego miejsca).<br><strong>b. trasa przejazdu auta<\/strong> &#8211; ca\u0142kowita ilo\u015b\u0107 przejechanych kilometr\u00f3w przez samoch\u00f3d czyli od miejsca gara\u017cowania pojazdu + trasa przejazdu \u015blubu + powr\u00f3t do miejsca gara\u017cowania pojazdu &#8211; ten parametr jest brany do wyceny.<\/p>\n\n\n\n<p>Cz\u0119sto jest tak, \u017ce trasa przejazdu \u015blubu jest bardzo kr\u00f3tka np. 14 km w okolicach Lubaczowa. Trzeba mie\u0107 \u015bwiadomo\u015b\u0107, \u017ce auto musi tam dojecha\u0107 i wr\u00f3ci\u0107. W tym przyk\u0142adzie z 14 km robi si\u0119 214 km co przy autach o pojemno\u015bci silnika ponad 6 litr\u00f3w ma du\u017cy wp\u0142yw na cen\u0119. Czasami trzeba auto przetransportowa\u0107 na lawecie. Auta ameryka\u0144skie wa\u017c\u0105 ok. 2 ton i do ich przewozu musi by\u0107 u\u017cyta specjalna laweta. <\/p>\n\n\n\n<p> <strong>3. Wybrany samoch\u00f3d<\/strong> &#8211; poszczeg\u00f3lne auta moj\u0105 r\u00f3\u017cn\u0105 cen\u0119, obecnie najta\u0144szym oferowanym samochodem \u015blubnym jest Mercedes 123.<\/p>\n\n\n\n<p><strong>Jak obni\u017cy\u0107 cen\u0119 wynajmu ? <\/strong><\/p>\n\n\n\n<ul><li>je\u017celi jest to mo\u017cliwe mo\u017cna <strong>zrezygnowa\u0107<\/strong> z dojazdu do P. M\u0142odego. P. M\u0142ody wsi\u0105dzie do auta \u015blubnego kilka kilometr\u00f3w przed domem P. M\u0142odej. <\/li><li>skorzystaj z oferty <strong>&#8222;cztery samochody&#8221;<\/strong> przedstawimy Ci ofert\u0119 4 samochod\u00f3w z kt\u00f3rych jeden obs\u0142u\u017cy Tw\u00f3j \u015blub bez wyboru konkretnego modelu<\/li><li>skorzysta\u0107 z oferty <strong>last minute <\/strong>czyli zarezerwowa\u0107 auto na tydzie\u0144 lub kr\u00f3cej przed \u015blubem aczkolwiek tutaj mo\u017ce si\u0119 zdarzy\u0107,  \u017ce wybrany samoch\u00f3d b\u0119dzie niedost\u0119pny.<\/li><\/ul>\n\n\n\n<p><\/p>\n\n\n\n<p> <strong>Poznaj cen\u0119 wynajmu ju\u017c teraz<\/strong> &#8211; <strong>przejd\u017a do zak\u0142adki <a href=\"https:\/\/czterysluby.pl\/index.php\/ceny-wynajmu-zabytkowych-samochodow-rzeszow\/\">Wycena<\/a><\/strong><\/p>\n","protected":false},"excerpt":{"rendered":"<p>Kto prowadzi auto \u015blubne ? &#8211; samochody zabytkowe wynajmujemy z kierowc\u0105, z wyj\u0105tkiem Porsche 911 kt\u00f3ry prowadzi Pan M\u0142ody. Jest te\u017c mo\u017cliwo\u015b\u0107 prowadzenia samodzielnego innych aut, ale jest to kwestia do ustalenia indywidualnego. Auta zabytkowe s\u0105 du\u017co trudniejsze w obs\u0142udze ni\u017c pojazdy kt\u00f3rymi poruszamy si\u0119 na co dzie\u0144. Aby sprawnie i bezpiecznie m\u00f3c si\u0119 nimi &hellip; <\/p>\n<p class=\"link-more\"><a href=\"https:\/\/czterysluby.pl\/index.php\/jak-wynajmujemy-samochody-do-slubu\/\" class=\"more-link\">Czytaj dalej<span class=\"screen-reader-text\"> Jak wynajmujemy<\/span><\/a><\/p>\n","protected":false},"author":1,"featured_media":0,"parent":0,"menu_order":0,"comment_status":"closed","ping_status":"closed","template":"","meta":[],"yoast_head":"<!-- This site is optimized with the Yoast SEO plugin v19.4 - https:\/\/yoast.com\/wordpress\/plugins\/seo\/ -->\n<title>Jak wynajmujemy - Wynajem zabytkowych samochod\u00f3w do \u015blubu Rzesz\u00f3w, ca\u0142e woj. Podkarpackie, auto do \u015blubu, limuzyny do \u015blubu<\/title>\n<meta name=\"description\" content=\"Warunki wynajmu zabytkowych samochod\u00f3w na \u015blub i wesele w Rzeszowie, Jaros\u0142awiu, Mielcu, D\u0119bicy i innych miastach woj. Podkarpackiego.\" \/>\n<meta name=\"robots\" content=\"index, follow, max-snippet:-1, max-image-preview:large, max-video-preview:-1\" \/>\n<link rel=\"canonical\" href=\"https:\/\/czterysluby.pl\/index.php\/jak-wynajmujemy-samochody-do-slubu\/\" \/>\n<meta property=\"og:locale\" content=\"pl_PL\" \/>\n<meta property=\"og:type\" content=\"article\" \/>\n<meta property=\"og:title\" content=\"Jak wynajmujemy - Wynajem zabytkowych samochod\u00f3w do \u015blubu Rzesz\u00f3w, ca\u0142e woj. Podkarpackie, auto do \u015blubu, limuzyny do \u015blubu\" \/>\n<meta property=\"og:description\" content=\"Warunki wynajmu zabytkowych samochod\u00f3w na \u015blub i wesele w Rzeszowie, Jaros\u0142awiu, Mielcu, D\u0119bicy i innych miastach woj. Podkarpackiego.\" \/>\n<meta property=\"og:url\" content=\"https:\/\/czterysluby.pl\/index.php\/jak-wynajmujemy-samochody-do-slubu\/\" \/>\n<meta property=\"og:site_name\" content=\"Wynajem zabytkowych samochod\u00f3w do \u015blubu Rzesz\u00f3w, ca\u0142e woj. Podkarpackie, auto do \u015blubu, limuzyny do \u015blubu\" \/>\n<meta property=\"article:modified_time\" content=\"2021-12-12T08:03:24+00:00\" \/>\n<meta name=\"twitter:card\" content=\"summary_large_image\" \/>\n<meta name=\"twitter:label1\" content=\"Szacowany czas czytania\" \/>\n\t<meta name=\"twitter:data1\" content=\"4 minuty\" \/>\n<script type=\"application\/ld+json\" class=\"yoast-schema-graph\">{\"@context\":\"https:\/\/schema.org\",\"@graph\":[{\"@type\":\"WebSite\",\"@id\":\"https:\/\/czterysluby.pl\/#website\",\"url\":\"https:\/\/czterysluby.pl\/\",\"name\":\"Wynajem zabytkowych samochod\u00f3w do \u015blubu Rzesz\u00f3w, ca\u0142e woj. Podkarpackie, auto do \u015blubu, limuzyny do \u015blubu\",\"description\":\"Wynajem zabytkowych limuzyn i aut retro na wesele, Rzesz\u00f3w, Jaros\u0142aw, D\u0119bica, Mielec, Tarnobrzeg, Sanok, Przemy\u015bl, ca\u0142e Podkarpacie.\",\"potentialAction\":[{\"@type\":\"SearchAction\",\"target\":{\"@type\":\"EntryPoint\",\"urlTemplate\":\"https:\/\/czterysluby.pl\/?s={search_term_string}\"},\"query-input\":\"required name=search_term_string\"}],\"inLanguage\":\"pl-PL\"},{\"@type\":\"WebPage\",\"@id\":\"https:\/\/czterysluby.pl\/index.php\/jak-wynajmujemy-samochody-do-slubu\/\",\"url\":\"https:\/\/czterysluby.pl\/index.php\/jak-wynajmujemy-samochody-do-slubu\/\",\"name\":\"Jak wynajmujemy - Wynajem zabytkowych samochod\u00f3w do \u015blubu Rzesz\u00f3w, ca\u0142e woj. Podkarpackie, auto do \u015blubu, limuzyny do \u015blubu\",\"isPartOf\":{\"@id\":\"https:\/\/czterysluby.pl\/#website\"},\"datePublished\":\"2019-11-23T07:50:21+00:00\",\"dateModified\":\"2021-12-12T08:03:24+00:00\",\"description\":\"Warunki wynajmu zabytkowych samochod\u00f3w na \u015blub i wesele w Rzeszowie, Jaros\u0142awiu, Mielcu, D\u0119bicy i innych miastach woj. Podkarpackiego.\",\"breadcrumb\":{\"@id\":\"https:\/\/czterysluby.pl\/index.php\/jak-wynajmujemy-samochody-do-slubu\/#breadcrumb\"},\"inLanguage\":\"pl-PL\",\"potentialAction\":[{\"@type\":\"ReadAction\",\"target\":[\"https:\/\/czterysluby.pl\/index.php\/jak-wynajmujemy-samochody-do-slubu\/\"]}]},{\"@type\":\"BreadcrumbList\",\"@id\":\"https:\/\/czterysluby.pl\/index.php\/jak-wynajmujemy-samochody-do-slubu\/#breadcrumb\",\"itemListElement\":[{\"@type\":\"ListItem\",\"position\":1,\"name\":\"Strona g\u0142\u00f3wna\",\"item\":\"https:\/\/czterysluby.pl\/\"},{\"@type\":\"ListItem\",\"position\":2,\"name\":\"Jak wynajmujemy\"}]}]}<\/script>\n<!-- \/ Yoast SEO plugin. -->","yoast_head_json":{"title":"Jak wynajmujemy - Wynajem zabytkowych samochod\u00f3w do \u015blubu Rzesz\u00f3w, ca\u0142e woj. Podkarpackie, auto do \u015blubu, limuzyny do \u015blubu","description":"Warunki wynajmu zabytkowych samochod\u00f3w na \u015blub i wesele w Rzeszowie, Jaros\u0142awiu, Mielcu, D\u0119bicy i innych miastach woj. Podkarpackiego.","robots":{"index":"index","follow":"follow","max-snippet":"max-snippet:-1","max-image-preview":"max-image-preview:large","max-video-preview":"max-video-preview:-1"},"canonical":"https:\/\/czterysluby.pl\/index.php\/jak-wynajmujemy-samochody-do-slubu\/","og_locale":"pl_PL","og_type":"article","og_title":"Jak wynajmujemy - Wynajem zabytkowych samochod\u00f3w do \u015blubu Rzesz\u00f3w, ca\u0142e woj. Podkarpackie, auto do \u015blubu, limuzyny do \u015blubu","og_description":"Warunki wynajmu zabytkowych samochod\u00f3w na \u015blub i wesele w Rzeszowie, Jaros\u0142awiu, Mielcu, D\u0119bicy i innych miastach woj. Podkarpackiego.","og_url":"https:\/\/czterysluby.pl\/index.php\/jak-wynajmujemy-samochody-do-slubu\/","og_site_name":"Wynajem zabytkowych samochod\u00f3w do \u015blubu Rzesz\u00f3w, ca\u0142e woj. Podkarpackie, auto do \u015blubu, limuzyny do \u015blubu","article_modified_time":"2021-12-12T08:03:24+00:00","twitter_card":"summary_large_image","twitter_misc":{"Szacowany czas czytania":"4 minuty"},"schema":{"@context":"https:\/\/schema.org","@graph":[{"@type":"WebSite","@id":"https:\/\/czterysluby.pl\/#website","url":"https:\/\/czterysluby.pl\/","name":"Wynajem zabytkowych samochod\u00f3w do \u015blubu Rzesz\u00f3w, ca\u0142e woj. Podkarpackie, auto do \u015blubu, limuzyny do \u015blubu","description":"Wynajem zabytkowych limuzyn i aut retro na wesele, Rzesz\u00f3w, Jaros\u0142aw, D\u0119bica, Mielec, Tarnobrzeg, Sanok, Przemy\u015bl, ca\u0142e Podkarpacie.","potentialAction":[{"@type":"SearchAction","target":{"@type":"EntryPoint","urlTemplate":"https:\/\/czterysluby.pl\/?s={search_term_string}"},"query-input":"required name=search_term_string"}],"inLanguage":"pl-PL"},{"@type":"WebPage","@id":"https:\/\/czterysluby.pl\/index.php\/jak-wynajmujemy-samochody-do-slubu\/","url":"https:\/\/czterysluby.pl\/index.php\/jak-wynajmujemy-samochody-do-slubu\/","name":"Jak wynajmujemy - Wynajem zabytkowych samochod\u00f3w do \u015blubu Rzesz\u00f3w, ca\u0142e woj. Podkarpackie, auto do \u015blubu, limuzyny do \u015blubu","isPartOf":{"@id":"https:\/\/czterysluby.pl\/#website"},"datePublished":"2019-11-23T07:50:21+00:00","dateModified":"2021-12-12T08:03:24+00:00","description":"Warunki wynajmu zabytkowych samochod\u00f3w na \u015blub i wesele w Rzeszowie, Jaros\u0142awiu, Mielcu, D\u0119bicy i innych miastach woj. Podkarpackiego.","breadcrumb":{"@id":"https:\/\/czterysluby.pl\/index.php\/jak-wynajmujemy-samochody-do-slubu\/#breadcrumb"},"inLanguage":"pl-PL","potentialAction":[{"@type":"ReadAction","target":["https:\/\/czterysluby.pl\/index.php\/jak-wynajmujemy-samochody-do-slubu\/"]}]},{"@type":"BreadcrumbList","@id":"https:\/\/czterysluby.pl\/index.php\/jak-wynajmujemy-samochody-do-slubu\/#breadcrumb","itemListElement":[{"@type":"ListItem","position":1,"name":"Strona g\u0142\u00f3wna","item":"https:\/\/czterysluby.pl\/"},{"@type":"ListItem","position":2,"name":"Jak wynajmujemy"}]}]}},"_links":{"self":[{"href":"https:\/\/czterysluby.pl\/index.php\/wp-json\/wp\/v2\/pages\/37"}],"collection":[{"href":"https:\/\/czterysluby.pl\/index.php\/wp-json\/wp\/v2\/pages"}],"about":[{"href":"https:\/\/czterysluby.pl\/index.php\/wp-json\/wp\/v2\/types\/page"}],"author":[{"embeddable":true,"href":"https:\/\/czterysluby.pl\/index.php\/wp-json\/wp\/v2\/users\/1"}],"replies":[{"embeddable":true,"href":"https:\/\/czterysluby.pl\/index.php\/wp-json\/wp\/v2\/comments?post=37"}],"version-history":[{"count":21,"href":"https:\/\/czterysluby.pl\/index.php\/wp-json\/wp\/v2\/pages\/37\/revisions"}],"predecessor-version":[{"id":541,"href":"https:\/\/czterysluby.pl\/index.php\/wp-json\/wp\/v2\/pages\/37\/revisions\/541"}],"wp:attachment":[{"href":"https:\/\/czterysluby.pl\/index.php\/wp-json\/wp\/v2\/media?parent=37"}],"curies":[{"name":"wp","href":"https:\/\/api.w.org\/{rel}","templated":true}]}}